8811.
4648811
What are the prime factors of 16703784?
2, 3, 101, 2297
What are the prime factors of 11812195?
5, 17, 138967
List the prime factors of 515367.
3, 173, 331
What are the prime factors of 8511?
3, 2837
What are the prime factors of 1004802?
2, 3, 17, 9851
List the prime factors of 525941.
13, 23, 1759
What are the prime factors of 8407767?
3, 29, 241, 401
List the prime factors of 301313.
59, 5107
What are the prime factors of 1181876?
2, 19, 15551
What are the prime factors of 380186?
2, 190093
What are the prime factors of 13322263?
13322263
List the prime factors of 8748917.
233, 37549
List the prime factors of 611486.
2, 305743
What are the prime factors of 8319001?
17, 103, 4751
What are the prime factors of 347540?
2, 5, 17377
What are the prime factors of 25052686?
2, 12526343
What are the prime factors of 133645?
5, 26729
What are the prime factors of 218859?
3, 72953
What are the prime factors of 21176485?
5, 11, 385027
What are the prime factors of 639562?
2, 7, 11, 4153
List the prime factors of 663436.
2, 61, 2719
What are the prime factors of 19099388?
2, 7, 11, 62011
List the prime factors of 214545.
3, 5, 14303
List the prime factors of 300793.
31, 313
What are the prime factors of 17753384?
2, 11, 201743
What are the prime factors of 220490?
2, 5, 17, 1297
What are the prime factors of 665332?
2, 47, 3539
List the prime factors of 271341.
3, 7, 59, 73
What are the prime factors of 1874453?
7, 331, 809
What are the prime factors of 5201784?
2, 3, 7, 10321
What are the prime factors of 17525446?
2, 659, 13297
List the prime factors of 7106091.
3, 199, 11903
List the prime factors of 2783245.
5, 409, 1361
List the prime factors of 4075825.
5, 13, 12541
What are the prime factors of 441815?
5, 11, 29, 277
What are the prime factors of 74107?
11, 6737
List the prime factors of 866149.
43, 20143
List the prime factors of 242187.
3, 11, 41, 179
List the prime factors of 1743360.
2, 3, 5, 227
What are the prime factors of 384247?
384247
What are the prime factors of 1699821?
3, 188869
List the prime factors of 12889212.
2, 3, 7, 153443
List the prime factors of 5637951.
3, 11, 41, 463
What are the prime factors of 395951?
61, 6491
List the prime factors of 1411177.
79, 17863
What are the prime factors of 3026631?
3, 463, 2179
What are the prime factors of 780985?
5, 109, 1433
List the prime factors of 92430.
2, 3, 5, 13, 79
What are the prime factors of 206874?
2, 3, 1277
What are the prime factors of 195249?
3, 37, 1759
List the prime factors of 9036361.
47, 192263
List the prime factors of 6646029.
3, 13, 19, 8969
List the prime factors of 284238.
2, 3, 15791
What are the prime factors of 1064618?
2, 89, 5981
What are the prime factors of 93933?
3, 7, 71
List the prime factors of 1311720.
2, 3, 5, 17, 643
What are the prime factors of 128027?
17, 443
What are the prime factors of 3483?
3, 43
What are the prime factors of 339556?
2, 7, 67, 181
List the prime factors of 53998.
2, 7, 19, 29
List the prime factors of 222646.
2, 111323
List the prime factors of 3943997.
157, 25121
What are the prime factors of 2492088?
2, 3, 103837
What are the prime factors of 96999?
3, 7, 31, 149
List the prime factors of 10477350.
2, 3, 5, 13, 199
List the prime factors of 299056.
2, 18691
What are the prime factors of 147748?
2, 43, 859
List the prime factors of 293312.
2, 4583
What are the prime factors of 2948780?
2, 5, 47, 3137
What are the prime factors of 751682?
2, 375841
What are the prime factors of 780680?
2, 5, 29, 673
What are the prime factors of 16489742?
2, 89, 92639
List the prime factors of 4520080.
2, 5, 56501
What are the prime factors of 4056002?
2, 373, 5437
What are the prime factors of 17816759?
29, 557, 1103
What are the prime factors of 1005767?
7, 23, 6247
List the prime factors of 246000.
2, 3, 5, 41
List the prime factors of 1790303.
1790303
List the prime factors of 525844.
2, 11, 17, 19, 37
List the prime factors of 162847.
162847
What are the prime factors of 307127?
419, 733
What are the prime factors of 3762220?
2, 5, 7, 11, 349
What are the prime factors of 1442643?
3, 480881
List the prime factors of 1143811.
17, 61, 1103
List the prime factors of 18218226.
2, 3, 13, 19, 647
List the prime factors of 1932013.
31, 62323
List the prime factors of 244331.
73, 3347
List the prime factors of 4659321.
3, 1553107
What are the prime factors of 16242964?
2, 4060741
What are the prime factors of 3830412?
2, 3, 319201
List the prime factors of 230170.
2, 5, 23017
List the prime factors of 1365709.
1365709
List the prime factors of 194385.
3, 5, 12959
List the prime factors of 11571261.
3, 13, 29, 787
List the prime factors of 792993.
3, 264331
List the prime factors of 18611802.
2, 3, 11, 31333
List the prime factors of 269272.
2, 97, 347
What are the prime factors of 1875670?
2, 5, 53, 3539
What are the prime factors of 2348132?
2, 587033
List the prime factors of 11338160.
2, 5, 239, 593
List the prime factors of 4165739.
229, 18191
List the prime factors of 1561580.
2, 5, 78079
What are the prime factors of 10630460?
2, 5, 43, 47, 263
List the prime factors of 65142.
2, 3, 7, 11, 47
List the prime factors of 29587480.
2, 5, 13, 17, 3347
List the prime factors of 175718.
2, 103, 853
List the prime factors of 770596.
2, 383, 503
What are the prime factors of 11228916?
2, 3, 29, 41, 787
What are the prime factors of 7716594?
2, 3, 1286099
What are the prime factors of 5032809?
3, 559201
List the prime factors of 8711854.
2, 17, 89, 2879
List the prime factors of 2553133.
11, 232103
List the prime factors of 963801.
3, 107089
What are the prime factors of 1562897?
7, 29, 7699
List the prime factors of 431450.
2, 5, 8629
List the prime factors of 3901661.
3901661
What are the prime factors of 154091?
7, 22013
List the prime factors of 5886431.
479, 12289
List the prime factors of 5405192.
2, 13, 51973
List the prime factors of 11600474.
2, 5800237
List the prime factors of 14934336.
2, 3, 77783
What are the prime factors of 204994?
2, 102497
What are the prime factors of 4115847?
3, 1371949
List the prime factors of 4999280.
2, 5, 11, 13, 19, 23
What are the prime factors of 3291764?
2, 7, 117563
List the prime factors of 1090741.
61, 17881
What are the prime factors of 1065311?
13, 19, 227
What are the prime factors of 1034701?
23, 44987
What are the prime factors of 22812980?
2, 5, 17, 229, 293
What are the prime factors of 15941671?
15941671
What are the prime factors of 704236?
2, 13, 29, 467
List the prime factors of 729684.
2, 3, 20269
List the prime factors of 140666.
2, 61, 1153
List the prime factors of 1985068.
2, 257, 1931
List the prime factors of 1221990.
2, 3, 5, 7, 11, 23
What are the prime factors of 1252372?
2, 11, 28463
List the prime factors of 1574682.
2, 3, 19, 727
List the prime factors of 4271143.
19, 224797
What are the prime factors of 926684?
2, 11, 21061
List the prime factors of 84523.
84523
What are the prime factors of 2161618?
2, 17, 63577
List the prime factors of 1602407.
1602407
List the prime factors of 205686.
2, 3, 13, 293
What are the prime factors of 338942?
2, 169471
What are the prime factors of 1167231?
3, 13, 173
List the prime factors of 495722.
2, 71, 3491
List the prime factors of 401127.
3, 133709
List the prime factors of 251070.
2, 3, 5, 8369
What are the prime factors of 785560?
2, 5, 41, 479
List the prime factors of 1688628.
2, 3, 109, 1291
What are the prime factors of 450753?
3, 347, 433
What are the prime factors of 46322?
2, 19, 23, 53
What are the prime factors of 211513?
31, 6823
What are the prime factors of 10876719?
3, 7, 17, 30467
List the prime factors of 37793.
7, 5399
What are the prime factors of 7180596?
2, 3, 17, 3911
List the prime factors of 413177.
47, 59, 149
List the prime factors of 375163.
375163
List the prime factors of 23802024.
2, 3, 991751
List the prime factors of 567170.
2, 5, 43, 1319
What are the prime factors of 37521?
3, 11, 379
What are the prime factors of 4242144?
2, 3, 44189
What are the prime factors of 2686129?
83, 32363
What are the prime factors of 4355272?
2, 499, 1091
What are the prime factors of 137208?
2, 3, 5717
What are the prime factors of 103150?
2, 5, 2063
What are the prime factors of 2627982?
2, 3, 7, 20857
Wh